{"id":6024,"date":"2021-06-21T16:43:40","date_gmt":"2021-06-21T21:43:40","guid":{"rendered":"https:\/\/inte.pucp.edu.pe\/?post_type=eventos&#038;p=6024"},"modified":"2021-12-27T19:26:53","modified_gmt":"2021-12-28T00:26:53","slug":"ciclo-agenda-ambiental-sesion-4-dialogos-por-una-agenda-ambiental-urgente-amazonia","status":"publish","type":"eventos","link":"https:\/\/inte.pucp.edu.pe\/en\/noticias-y-eventos\/eventos\/ciclo-agenda-ambiental-sesion-4-dialogos-por-una-agenda-ambiental-urgente-amazonia\/","title":{"rendered":"Ciclo Agenda ambiental | Sesi\u00f3n 4: Di\u00e1logos por una agenda ambiental urgente: Amazon\u00eda"},"comment_status":"open","ping_status":"closed","template":"","tipo-evento":[488],"etiqueta-evento":[585,605,523,503,507],"class_list":["post-6024","eventos","type-eventos","status-publish","hentry","tipo-evento-eventos","etiqueta-evento-agenda-ambiental","etiqueta-evento-amazonia-peruana","etiqueta-evento-cambio-climatico","etiqueta-evento-desarrollo-sostenible","etiqueta-evento-peru"],"acf":[],"_links":{"self":[{"href":"https:\/\/inte.pucp.edu.pe\/en\/wp-json\/wp\/v2\/eventos\/6024","targetHints":{"allow":["GET"]}}],"collection":[{"href":"https:\/\/inte.pucp.edu.pe\/en\/wp-json\/wp\/v2\/eventos"}],"about":[{"href":"https:\/\/inte.pucp.edu.pe\/en\/wp-json\/wp\/v2\/types\/eventos"}],"replies":[{"embeddable":true,"href":"https:\/\/inte.pucp.edu.pe\/en\/wp-json\/wp\/v2\/comments?post=6024"}],"wp:featuredmedia":[{"embeddable":true,"href":"https:\/\/inte.pucp.edu.pe\/en\/wp-json\/wp\/v2\/media\/6025"}],"wp:attachment":[{"href":"https:\/\/inte.pucp.edu.pe\/en\/wp-json\/wp\/v2\/media?parent=6024"}],"wp:term":[{"taxonomy":"tipo-evento","embeddable":true,"href":"https:\/\/inte.pucp.edu.pe\/en\/wp-json\/wp\/v2\/tipo-evento?post=6024"},{"taxonomy":"etiqueta-evento","embeddable":true,"href":"https:\/\/inte.pucp.edu.pe\/en\/wp-json\/wp\/v2\/etiqueta-evento?post=6024"}],"curies":[{"name":"wp","href":"https:\/\/api.w.org\/{rel}","templated":true}]}}

Ciclo Agenda ambiental | Sesión 4: Diálogos por una agenda ambiental urgente: Amazonía
