{"id":79297,"date":"2025-10-14T18:27:21","date_gmt":"2025-10-14T23:27:21","guid":{"rendered":"https:\/\/inte.pucp.edu.pe\/?post_type=eventos&#038;p=79297"},"modified":"2025-11-04T17:07:51","modified_gmt":"2025-11-04T22:07:51","slug":"cine-foro-documental-ambiental-canary","status":"publish","type":"eventos","link":"https:\/\/inte.pucp.edu.pe\/en\/noticias-y-eventos\/eventos\/cine-foro-documental-ambiental-canary\/","title":{"rendered":"Cine Foro: Documental Ambiental Canary"},"comment_status":"open","ping_status":"closed","template":"","tipo-evento":[1339],"etiqueta-evento":[523,1389,895],"class_list":["post-79297","eventos","type-eventos","status-publish","hentry","tipo-evento-conversatorio","etiqueta-evento-cambio-climatico","etiqueta-evento-documental-ambiental","etiqueta-evento-glaciares"],"acf":[],"yoast_head":"<!-- This site is optimized with the Yoast SEO plugin v26.4 - https:\/\/yoast.com\/wordpress\/plugins\/seo\/ -->\n<title>Cine Foro: Documental Ambiental Canary  - Instituto de la Naturaleza, Tierra y Energ\u00eda (INTE-PUCP)<\/title>\n<meta name=\"robots\" content=\"index, follow, max-snippet:-1, max-image-preview:large, max-video-preview:-1\" \/>\n<link rel=\"canonical\" href=\"https:\/\/inte.pucp.edu.pe\/en\/noticias-y-eventos\/eventos\/cine-foro-documental-ambiental-canary\/\" \/>\n<meta property=\"og:locale\" content=\"en_US\" \/>\n<meta property=\"og:type\" content=\"article\" \/>\n<meta property=\"og:title\" content=\"Cine Foro: Documental Ambiental Canary  - Instituto de la Naturaleza, Tierra y Energ\u00eda (INTE-PUCP)\" \/>\n<meta property=\"og:description\" content=\"Ante la creciente urgencia clim\u00e1tica y en el marco de la visita del cient\u00edfico clim\u00e1tico Lonnie Thompson, los invitamos a participar de un conversatorio en torno al documental Canary, que relata su recorrido profesional por los glaciares de distintas latitudes del planeta, retratando las alarmantes consecuencias del calentamiento global. Las expediciones de Thompson en busca [&hellip;]\" \/>\n<meta property=\"og:url\" content=\"https:\/\/inte.pucp.edu.pe\/en\/noticias-y-eventos\/eventos\/cine-foro-documental-ambiental-canary\/\" \/>\n<meta property=\"og:site_name\" content=\"Instituto de la Naturaleza, Tierra y Energ\u00eda (INTE-PUCP)\" \/>\n<meta property=\"article:modified_time\" content=\"2025-11-04T22:07:51+00:00\" \/>\n<meta property=\"og:image\" content=\"https:\/\/inte.pucp.edu.pe\/wp-content\/uploads\/2025\/10\/4_POST-CINE-FORO-CANARY.png\" \/>\n\t<meta property=\"og:image:width\" content=\"1080\" \/>\n\t<meta property=\"og:image:height\" content=\"1350\" \/>\n\t<meta property=\"og:image:type\" content=\"image\/png\" \/>\n<meta name=\"twitter:card\" content=\"summary_large_image\" \/>\n<meta name=\"twitter:label1\" content=\"Est. reading time\" \/>\n\t<meta name=\"twitter:data1\" content=\"5 minutes\" \/>\n<script type=\"application\/ld+json\" class=\"yoast-schema-graph\">{\"@context\":\"https:\/\/schema.org\",\"@graph\":[{\"@type\":\"WebPage\",\"@id\":\"https:\/\/inte.pucp.edu.pe\/en\/noticias-y-eventos\/eventos\/cine-foro-documental-ambiental-canary\/\",\"url\":\"https:\/\/inte.pucp.edu.pe\/en\/noticias-y-eventos\/eventos\/cine-foro-documental-ambiental-canary\/\",\"name\":\"Cine Foro: Documental Ambiental Canary  - Instituto de la Naturaleza, Tierra y Energ\u00eda (INTE-PUCP)\",\"isPartOf\":{\"@id\":\"https:\/\/inte.pucp.edu.pe\/en\/#website\"},\"primaryImageOfPage\":{\"@id\":\"https:\/\/inte.pucp.edu.pe\/en\/noticias-y-eventos\/eventos\/cine-foro-documental-ambiental-canary\/#primaryimage\"},\"image\":{\"@id\":\"https:\/\/inte.pucp.edu.pe\/noticias-y-eventos\/eventos\/cine-foro-documental-ambiental-canary\/#primaryimage\"},\"thumbnailUrl\":\"https:\/\/inte.pucp.edu.pe\/wp-content\/uploads\/2025\/10\/4_POST-CINE-FORO-CANARY.png\",\"datePublished\":\"2025-10-14T23:27:21+00:00\",\"dateModified\":\"2025-11-04T22:07:51+00:00\",\"breadcrumb\":{\"@id\":\"https:\/\/inte.pucp.edu.pe\/en\/noticias-y-eventos\/eventos\/cine-foro-documental-ambiental-canary\/#breadcrumb\"},\"inLanguage\":\"en-US\",\"potentialAction\":[{\"@type\":\"ReadAction\",\"target\":[[\"https:\/\/inte.pucp.edu.pe\/en\/noticias-y-eventos\/eventos\/cine-foro-documental-ambiental-canary\/\"]]}]},{\"@type\":\"ImageObject\",\"inLanguage\":\"en-US\",\"@id\":\"https:\/\/inte.pucp.edu.pe\/en\/noticias-y-eventos\/eventos\/cine-foro-documental-ambiental-canary\/#primaryimage\",\"url\":\"https:\/\/inte.pucp.edu.pe\/wp-content\/uploads\/2025\/10\/4_POST-CINE-FORO-CANARY.png\",\"contentUrl\":\"https:\/\/inte.pucp.edu.pe\/wp-content\/uploads\/2025\/10\/4_POST-CINE-FORO-CANARY.png\",\"width\":1080,\"height\":1350},{\"@type\":\"BreadcrumbList\",\"@id\":\"https:\/\/inte.pucp.edu.pe\/en\/noticias-y-eventos\/eventos\/cine-foro-documental-ambiental-canary\/#breadcrumb\",\"itemListElement\":[{\"@type\":\"ListItem\",\"position\":1,\"name\":\"Portada\",\"item\":\"https:\/\/inte.pucp.edu.pe\/en\/\"},{\"@type\":\"ListItem\",\"position\":2,\"name\":\"Cine Foro: Documental Ambiental Canary\"}]},{\"@type\":\"WebSite\",\"@id\":\"https:\/\/inte.pucp.edu.pe\/en\/#website\",\"url\":\"https:\/\/inte.pucp.edu.pe\/en\/\",\"name\":\"Instituto de la Naturaleza, Tierra y Energ\u00eda (INTE-PUCP)\",\"description\":\"\",\"publisher\":{\"@id\":\"https:\/\/inte.pucp.edu.pe\/en\/#organization\"},\"potentialAction\":[{\"@type\":\"SearchAction\",\"target\":{\"@type\":\"EntryPoint\",\"urlTemplate\":\"https:\/\/inte.pucp.edu.pe\/en\/?s={search_term_string}\"},\"query-input\":{\"@type\":\"PropertyValueSpecification\",\"valueRequired\":true,\"valueName\":\"search_term_string\"}}],\"inLanguage\":\"en-US\"},{\"@type\":\"Organization\",\"@id\":\"https:\/\/inte.pucp.edu.pe\/en\/#organization\",\"name\":\"Instituto de la Naturaleza, Tierra y Energ\u00eda (INTE-PUCP)\",\"url\":\"https:\/\/inte.pucp.edu.pe\/en\/\",\"logo\":{\"@type\":\"ImageObject\",\"inLanguage\":\"en-US\",\"@id\":\"https:\/\/inte.pucp.edu.pe\/en\/#\/schema\/logo\/image\/\",\"url\":\"https:\/\/inte.pucp.edu.pe\/wp-content\/uploads\/2023\/02\/13-Conferencia-LCA-Foods-085-1-scaled.jpg\",\"contentUrl\":\"https:\/\/inte.pucp.edu.pe\/wp-content\/uploads\/2023\/02\/13-Conferencia-LCA-Foods-085-1-scaled.jpg\",\"width\":2560,\"height\":1707,\"caption\":\"Instituto de la Naturaleza, Tierra y Energ\u00eda (INTE-PUCP)\"},\"image\":{\"@id\":\"https:\/\/inte.pucp.edu.pe\/en\/#\/schema\/logo\/image\/\"}}]}<\/script>\n<!-- \/ Yoast SEO plugin. -->","yoast_head_json":{"title":"Cine Foro: Documental Ambiental Canary  - Instituto de la Naturaleza, Tierra y Energ\u00eda (INTE-PUCP)","robots":{"index":"index","follow":"follow","max-snippet":"max-snippet:-1","max-image-preview":"max-image-preview:large","max-video-preview":"max-video-preview:-1"},"canonical":"https:\/\/inte.pucp.edu.pe\/en\/noticias-y-eventos\/eventos\/cine-foro-documental-ambiental-canary\/","og_locale":"en_US","og_type":"article","og_title":"Cine Foro: Documental Ambiental Canary  - Instituto de la Naturaleza, Tierra y Energ\u00eda (INTE-PUCP)","og_description":"Ante la creciente urgencia clim\u00e1tica y en el marco de la visita del cient\u00edfico clim\u00e1tico Lonnie Thompson, los invitamos a participar de un conversatorio en torno al documental Canary, que relata su recorrido profesional por los glaciares de distintas latitudes del planeta, retratando las alarmantes consecuencias del calentamiento global. Las expediciones de Thompson en busca [&hellip;]","og_url":"https:\/\/inte.pucp.edu.pe\/en\/noticias-y-eventos\/eventos\/cine-foro-documental-ambiental-canary\/","og_site_name":"Instituto de la Naturaleza, Tierra y Energ\u00eda (INTE-PUCP)","article_modified_time":"2025-11-04T22:07:51+00:00","og_image":[{"width":1080,"height":1350,"url":"https:\/\/inte.pucp.edu.pe\/wp-content\/uploads\/2025\/10\/4_POST-CINE-FORO-CANARY.png","type":"image\/png"}],"twitter_card":"summary_large_image","twitter_misc":{"Est. reading time":"5 minutes"},"schema":{"@context":"https:\/\/schema.org","@graph":[{"@type":"WebPage","@id":"https:\/\/inte.pucp.edu.pe\/en\/noticias-y-eventos\/eventos\/cine-foro-documental-ambiental-canary\/","url":"https:\/\/inte.pucp.edu.pe\/en\/noticias-y-eventos\/eventos\/cine-foro-documental-ambiental-canary\/","name":"Cine Foro: Documental Ambiental Canary  - Instituto de la Naturaleza, Tierra y Energ\u00eda (INTE-PUCP)","isPartOf":{"@id":"https:\/\/inte.pucp.edu.pe\/en\/#website"},"primaryImageOfPage":{"@id":"https:\/\/inte.pucp.edu.pe\/en\/noticias-y-eventos\/eventos\/cine-foro-documental-ambiental-canary\/#primaryimage"},"image":{"@id":"https:\/\/inte.pucp.edu.pe\/noticias-y-eventos\/eventos\/cine-foro-documental-ambiental-canary\/#primaryimage"},"thumbnailUrl":"https:\/\/inte.pucp.edu.pe\/wp-content\/uploads\/2025\/10\/4_POST-CINE-FORO-CANARY.png","datePublished":"2025-10-14T23:27:21+00:00","dateModified":"2025-11-04T22:07:51+00:00","breadcrumb":{"@id":"https:\/\/inte.pucp.edu.pe\/en\/noticias-y-eventos\/eventos\/cine-foro-documental-ambiental-canary\/#breadcrumb"},"inLanguage":"en-US","potentialAction":[{"@type":"ReadAction","target":[["https:\/\/inte.pucp.edu.pe\/en\/noticias-y-eventos\/eventos\/cine-foro-documental-ambiental-canary\/"]]}]},{"@type":"ImageObject","inLanguage":"en-US","@id":"https:\/\/inte.pucp.edu.pe\/en\/noticias-y-eventos\/eventos\/cine-foro-documental-ambiental-canary\/#primaryimage","url":"https:\/\/inte.pucp.edu.pe\/wp-content\/uploads\/2025\/10\/4_POST-CINE-FORO-CANARY.png","contentUrl":"https:\/\/inte.pucp.edu.pe\/wp-content\/uploads\/2025\/10\/4_POST-CINE-FORO-CANARY.png","width":1080,"height":1350},{"@type":"BreadcrumbList","@id":"https:\/\/inte.pucp.edu.pe\/en\/noticias-y-eventos\/eventos\/cine-foro-documental-ambiental-canary\/#breadcrumb","itemListElement":[{"@type":"ListItem","position":1,"name":"Portada","item":"https:\/\/inte.pucp.edu.pe\/en\/"},{"@type":"ListItem","position":2,"name":"Cine Foro: Documental Ambiental Canary"}]},{"@type":"WebSite","@id":"https:\/\/inte.pucp.edu.pe\/en\/#website","url":"https:\/\/inte.pucp.edu.pe\/en\/","name":"Instituto de la Naturaleza, Tierra y Energ\u00eda (INTE-PUCP)","description":"","publisher":{"@id":"https:\/\/inte.pucp.edu.pe\/en\/#organization"},"potentialAction":[{"@type":"SearchAction","target":{"@type":"EntryPoint","urlTemplate":"https:\/\/inte.pucp.edu.pe\/en\/?s={search_term_string}"},"query-input":{"@type":"PropertyValueSpecification","valueRequired":true,"valueName":"search_term_string"}}],"inLanguage":"en-US"},{"@type":"Organization","@id":"https:\/\/inte.pucp.edu.pe\/en\/#organization","name":"Instituto de la Naturaleza, Tierra y Energ\u00eda (INTE-PUCP)","url":"https:\/\/inte.pucp.edu.pe\/en\/","logo":{"@type":"ImageObject","inLanguage":"en-US","@id":"https:\/\/inte.pucp.edu.pe\/en\/#\/schema\/logo\/image\/","url":"https:\/\/inte.pucp.edu.pe\/wp-content\/uploads\/2023\/02\/13-Conferencia-LCA-Foods-085-1-scaled.jpg","contentUrl":"https:\/\/inte.pucp.edu.pe\/wp-content\/uploads\/2023\/02\/13-Conferencia-LCA-Foods-085-1-scaled.jpg","width":2560,"height":1707,"caption":"Instituto de la Naturaleza, Tierra y Energ\u00eda (INTE-PUCP)"},"image":{"@id":"https:\/\/inte.pucp.edu.pe\/en\/#\/schema\/logo\/image\/"}}]}},"_links":{"self":[{"href":"https:\/\/inte.pucp.edu.pe\/en\/wp-json\/wp\/v2\/eventos\/79297","targetHints":{"allow":["GET"]}}],"collection":[{"href":"https:\/\/inte.pucp.edu.pe\/en\/wp-json\/wp\/v2\/eventos"}],"about":[{"href":"https:\/\/inte.pucp.edu.pe\/en\/wp-json\/wp\/v2\/types\/eventos"}],"replies":[{"embeddable":true,"href":"https:\/\/inte.pucp.edu.pe\/en\/wp-json\/wp\/v2\/comments?post=79297"}],"wp:featuredmedia":[{"embeddable":true,"href":"https:\/\/inte.pucp.edu.pe\/en\/wp-json\/wp\/v2\/media\/79298"}],"wp:attachment":[{"href":"https:\/\/inte.pucp.edu.pe\/en\/wp-json\/wp\/v2\/media?parent=79297"}],"wp:term":[{"taxonomy":"tipo-evento","embeddable":true,"href":"https:\/\/inte.pucp.edu.pe\/en\/wp-json\/wp\/v2\/tipo-evento?post=79297"},{"taxonomy":"etiqueta-evento","embeddable":true,"href":"https:\/\/inte.pucp.edu.pe\/en\/wp-json\/wp\/v2\/etiqueta-evento?post=79297"}],"curies":[{"name":"wp","href":"https:\/\/api.w.org\/{rel}","templated":true}]}}

<!-- This site is optimized with the Yoast SEO plugin v26.4 - https://yoast.com/wordpress/plugins/seo/ -->
<title>Cine Foro: Documental Ambiental Canary  - Instituto de la Naturaleza, Tierra y Energía (INTE-PUCP)</title>
<meta name="robots" content="index, follow, max-snippet:-1, max-image-preview:large, max-video-preview:-1" />
<link rel="canonical" href="https://inte.pucp.edu.pe/en/noticias-y-eventos/eventos/cine-foro-documental-ambiental-canary/" />
<meta property="og:locale" content="en_US" />
<meta property="og:type" content="article" />
<meta property="og:title" content="Cine Foro: Documental Ambiental Canary  - Instituto de la Naturaleza, Tierra y Energía (INTE-PUCP)" />
<meta property="og:description" content="Ante la creciente urgencia climática y en el marco de la visita del científico climático Lonnie Thompson, los invitamos a participar de un conversatorio en torno al documental Canary, que relata su recorrido profesional por los glaciares de distintas latitudes del planeta, retratando las alarmantes consecuencias del calentamiento global. Las expediciones de Thompson en busca [&hellip;]" />
<meta property="og:url" content="https://inte.pucp.edu.pe/en/noticias-y-eventos/eventos/cine-foro-documental-ambiental-canary/" />
<meta property="og:site_name" content="Instituto de la Naturaleza, Tierra y Energía (INTE-PUCP)" />
<meta property="article:modified_time" content="2025-11-04T22:07:51+00:00" />
<meta property="og:image" content="https://inte.pucp.edu.pe/wp-content/uploads/2025/10/4_POST-CINE-FORO-CANARY.png" />
	<meta property="og:image:width" content="1080" />
	<meta property="og:image:height" content="1350" />
	<meta property="og:image:type" content="image/png" />
<meta name="twitter:card" content="summary_large_image" />
<meta name="twitter:label1" content="Est. reading time" />
	<meta name="twitter:data1" content="5 minutes" />
<script type="application/ld+json" class="yoast-schema-graph">{"@context":"https://schema.org","@graph":[{"@type":"WebPage","@id":"https://inte.pucp.edu.pe/en/noticias-y-eventos/eventos/cine-foro-documental-ambiental-canary/","url":"https://inte.pucp.edu.pe/en/noticias-y-eventos/eventos/cine-foro-documental-ambiental-canary/","name":"Cine Foro: Documental Ambiental Canary  - Instituto de la Naturaleza, Tierra y Energía (INTE-PUCP)","isPartOf":{"@id":"https://inte.pucp.edu.pe/en/#website"},"primaryImageOfPage":{"@id":"https://inte.pucp.edu.pe/en/noticias-y-eventos/eventos/cine-foro-documental-ambiental-canary/#primaryimage"},"image":{"@id":"https://inte.pucp.edu.pe/noticias-y-eventos/eventos/cine-foro-documental-ambiental-canary/#primaryimage"},"thumbnailUrl":"https://inte.pucp.edu.pe/wp-content/uploads/2025/10/4_POST-CINE-FORO-CANARY.png","datePublished":"2025-10-14T23:27:21+00:00","dateModified":"2025-11-04T22:07:51+00:00","breadcrumb":{"@id":"https://inte.pucp.edu.pe/en/noticias-y-eventos/eventos/cine-foro-documental-ambiental-canary/#breadcrumb"},"inLanguage":"en-US","potentialAction":[{"@type":"ReadAction","target":[["https://inte.pucp.edu.pe/en/noticias-y-eventos/eventos/cine-foro-documental-ambiental-canary/"]]}]},{"@type":"ImageObject","inLanguage":"en-US","@id":"https://inte.pucp.edu.pe/en/noticias-y-eventos/eventos/cine-foro-documental-ambiental-canary/#primaryimage","url":"https://inte.pucp.edu.pe/wp-content/uploads/2025/10/4_POST-CINE-FORO-CANARY.png","contentUrl":"https://inte.pucp.edu.pe/wp-content/uploads/2025/10/4_POST-CINE-FORO-CANARY.png","width":1080,"height":1350},{"@type":"BreadcrumbList","@id":"https://inte.pucp.edu.pe/en/noticias-y-eventos/eventos/cine-foro-documental-ambiental-canary/#breadcrumb","itemListElement":[{"@type":"ListItem","position":1,"name":"Portada","item":"https://inte.pucp.edu.pe/en/"},{"@type":"ListItem","position":2,"name":"Cine Foro: Documental Ambiental Canary"}]},{"@type":"WebSite","@id":"https://inte.pucp.edu.pe/en/#website","url":"https://inte.pucp.edu.pe/en/","name":"Instituto de la Naturaleza, Tierra y Energía (INTE-PUCP)","description":"","publisher":{"@id":"https://inte.pucp.edu.pe/en/#organization"},"potentialAction":[{"@type":"SearchAction","target":{"@type":"EntryPoint","urlTemplate":"https://inte.pucp.edu.pe/en/?s={search_term_string}"},"query-input":{"@type":"PropertyValueSpecification","valueRequired":true,"valueName":"search_term_string"}}],"inLanguage":"en-US"},{"@type":"Organization","@id":"https://inte.pucp.edu.pe/en/#organization","name":"Instituto de la Naturaleza, Tierra y Energía (INTE-PUCP)","url":"https://inte.pucp.edu.pe/en/","logo":{"@type":"ImageObject","inLanguage":"en-US","@id":"https://inte.pucp.edu.pe/en/#/schema/logo/image/","url":"https://inte.pucp.edu.pe/wp-content/uploads/2023/02/13-Conferencia-LCA-Foods-085-1-scaled.jpg","contentUrl":"https://inte.pucp.edu.pe/wp-content/uploads/2023/02/13-Conferencia-LCA-Foods-085-1-scaled.jpg","width":2560,"height":1707,"caption":"Instituto de la Naturaleza, Tierra y Energía (INTE-PUCP)"},"image":{"@id":"https://inte.pucp.edu.pe/en/#/schema/logo/image/"}}]}</script>
<!-- / Yoast SEO plugin. -->

Cine Foro: Documental Ambiental Canary  - Instituto de la Naturaleza, Tierra y Energía (INTE-PUCP)

Ante la creciente urgencia climática y en el marco de la visita del científico climático Lonnie Thompson, los invitamos a participar de un conversatorio en torno al documental Canary, que relata su recorrido profesional por los glaciares de distintas latitudes del planeta, retratando las alarmantes consecuencias del calentamiento global. Las expediciones de Thompson en busca [&hellip;]

Instituto de la Naturaleza, Tierra y Energía (INTE-PUCP)
